ose 0 = 73*n - 76*n + 12. Suppose 280*r - n = 276*r. Suppose -4*d - 48 - 9 = -5*j, 0 = -2*j - 4*d + 34. What is the greatest common divisor of r and j?
1
Suppose -43*c = -198 - 287 - 74. What is the greatest common divisor of 17 and c?
1
Let b = 257 + -250. Suppose -5*m + 2*n + 1436 = 0, 5*m - b*m + 580 = 2*n. What is the greatest common factor of 36 and m?
36
Let w be (2/6)/(-8 - 584/(-72)). Suppose w*s - 1272 = -0*s. What is the greatest common factor of 53 and s?
53
Let p = 20294 - 15523. What is the highest common factor of p and 65?
13
Suppose 659*c = 641*c + 2016. Let f(r) = 29*r + 1 + 0 - 2. Let x be f(1). What is the greatest common divisor of x and c?
28
Suppose 2*f + 2 - 62 = 0. Let w be (-6)/(-9) + (-3627)/(-27). Calculate the greatest common divisor of w and f.
15
Suppose -f - 6*a + a + 226 = 0, 1067 = 5*f + 4*a. Let s = f - -136. Let x = -217 + s. Calculate the greatest common divisor of 52 and x.
26
Let g be (-25)/(-45)*63 + 10. What is the highest common divisor of 36090 and g?
45
Suppose -17247 = -98*v + 7743. What is the highest common factor of 68 and v?
17
Let j(v) = -4*v + 8. Let a be j(2). Suppose 9*z + 2*z + 99 = a. Let g(q) = q**2 + 7. Let x be g(z). What is the greatest common factor of x and 22?
22
Let m(w) = -123*w + 6. Let l be m(-3). Suppose o - 3*o = 0, -2*o + l = 5*s. Suppose -s = -6*u + 3. What is the greatest common factor of 143 and u?
13
Suppose 3*g - 19 = -2*a + 10, 0 = -4*a - 3*g + 43. Suppose 180 = 12*l - a*l. Calculate the greatest common divisor of 132 and l.
12
Let l = -182 + 188. Suppose -l = -3*p + 729. What is the greatest common factor of p and 49?
49
Let f(b) = 46*b - 85. Let p be f(4). Let v = 113 - p. Calculate the greatest common factor of v and 21.
7
Suppose -58*y = -46*y - 5232. Let l = y - 426. What is the highest common divisor of 65 and l?
5
Let h(g) = 2*g**3 - 18*g**2 + 30*g - 8. Let s be h(7). Calculate the highest common divisor of s and 7026.
6
Let d be (7 + -16 - -7)/((-2)/(-271)). Let v be d/(-7) + (-122)/(-427). What is the greatest common factor of v and 24?
3
Let y be (207 + (4 - 7))/((-152)/(-114)). Let t = -4 - -3. Let q be t/(-2 - (-99)/51). Calculate the greatest common divisor of q and y.
17
Let b(p) be the first derivative of -p**4/4 + 20*p**3/3 + 11*p**2 - 41*p + 10. Let v be b(21). Let x = 124 - v. What is the highest common divisor of x and 18?
18
Let p be 4/16*6*8/(-6). Let b be -2 + (-1070)/p - 5. What is the highest common factor of 8 and b?
8
Let j(z) be the second derivative of -7*z**3/6 - 7*z**2 - 2*z + 11. Let v be j(-3). What is the greatest common divisor of v and 1?
1
Let s(a) = -19*a**3 - a**2 - 28*a - 55. Let v be s(-2). Calculate the highest common divisor of 1 and v.
1
Suppose 3*y - 195 = 3*t, 3*y - y = 3*t + 135. What is the highest common divisor of 140 and y?
20
Suppose -1773860 = -45*x + 78*x - 275*x. What is the highest common factor of 30 and x?
10
Suppose 6*o - 10466 = -6332. What is the greatest common divisor of o and 13?
13
Let w(a) = 13*a - 65. Let o be w(37). Let m be (64/(-6))/((-2)/3). Calculate the highest common factor of m and o.
16
Let y(k) = -k**2 + 7*k + 8. Let n be y(8). Suppose n = -10*h - 9 - 61. Let f be (12/h)/((-4)/42). What is the greatest common factor of f and 198?
18
Let r(k) be the second derivative of k**4/4 - k**3/6 - k**2/2 + 19*k. Let u be r(-2). Suppose u*x = 16*x - 78. Calculate the highest common factor of 78 and x.
26
Suppose -5*r + 1367 = 4*v, 4*v = 3*r - 774 - 59. What is the greatest common factor of 125 and r?
25
Let d = 163 + -160. Suppose 25 = -14*a + 19*a. Calculate the greatest common divisor of a and d.
1
Let s(u) = 8*u - 2. Let p(t) = -t**2 + 10. Let o be p(-3). Let m be s(o). Let i be -6*m/(-9) + 6 + 38. What is the greatest common divisor of i and 192?
48
Suppose -6*r = -9*r - 2*m + 43, r - 26 = -3*m. Calculate the greatest common divisor of r and 12452.
11
Let i = 101277 - 55175. What is the highest common factor of i and 14?
14
Let b = 29 - -563. Suppose 5*j - j = b. Let y(t) = -t**3 + t**2 + t + 37. Let f be y(0). What is the greatest common divisor of j and f?
37
Let d be -3 + (-2 - -2) + 139 + 0. Let g be (6/4)/(4/d). Calculate the greatest common divisor of g and 323.
17
Suppose -68*k = -63*k - 2420. Let i = 519 - k. What is the greatest common factor of 455 and i?
35
Let f(s) = 28*s - 4. Let k = 47 + -46. Let q be f(k). Suppose -22*j - 8 = -q*j. What is the greatest common factor of j and 6?
2
Let o be (-4)/(-30) + (-28)/(-15). Suppose 54 = -2*d - d + 21*d. Calculate the greatest common factor of o and d.
1
Suppose -997 = -5*s - 4*b, 0 = -4*s + 1131*b - 1128*b + 810. What is the greatest common divisor of s and 15?
3
Suppose 0 = 4*j + 4*k - 184, -3*j + 4*k = -6*j + 137. Let z(v) = v + 419. Let d be z(4). What is the highest common divisor of d and j?
47
Let v be 3/36*-4*(-1 - -916). Let m = 324 + v. What is the highest common divisor of m and 4?
1
Suppose -2*i + 5*c + 11 = 0, 261*i - 269*i + 2*c = -62. Calculate the highest common divisor of 12324 and i.
4
Let t(b) = -b**3 - 25*b**2 + 20*b - 106. Let x be t(-26). Let y = -12 + 13. Let d be (-36)/(-27)*(16 - y). Calculate the highest common factor of x and d.
10
Suppose 4*o - 25 = -8 + 19. Calculate the greatest common factor of o and 6417.
9
Let d be (-33)/3 + (-3)/(-1) + 0. Let a be ((-6)/8)/((-6)/d - 1). Suppose -4*i - j = -36, a*i - 12 = 4*j + 15. Calculate the highest common divisor of 9 and i.
9
Suppose -2*m - 2*t + 674 - 78 = 0, -3*m - 5*t + 898 = 0. Calculate the highest common factor of m and 8436.
148
Suppose 22 = 2*c - 3*v, 1027*v - 1025*v + 36 = 4*c. Calculate the highest common factor of 178 and c.
2
Let l = -1739 + 1871. Calculate the highest common divisor of 348 and l.
12
Let y be 164/((68/(-51))/(4/(-6))). Suppose -4*u = 2*t - u - y, 134 = 3*t - u. What is the greatest common factor of 110 and t?
22
Suppose -4*i + 115 - 63 = 0. Let y(k) = k**3 - k**2 - 1. Let q be y(2). Suppose -4*l + q*l + 13 = 0. What is the highest common factor of l and i?
13
Let l(z) = -6*z**3 - 37*z**2 - 5*z + 8. Let h be l(-6). Let s(d) = 3*d**3 - 6*d**2 + 7*d - 7. Let f be s(h). What is the greatest common factor of f and 21?
7
Let g be 0 - 902/(-4) - 25/(-10). Calculate the highest common divisor of g and 380.
76
Suppose -5*g + 294 = -21. Let c(t) = 4*t**2 + 60*t + 41. Let j be c(-16). What is the highest common factor of g and j?
21
Let p = 2464 + -1864. What is the highest common factor of p and 252?
12
Let m be (-1342)/(-7) - (244/(-305) - (-18)/35). What is the highest common divisor of 3396 and m?
12
Let t be 5*(143/104 + 9/(-24)) - -1835. Calculate the greatest common divisor of t and 560.
80
Let r be (620/(-496))/(1/(-140)). Calculate the highest common factor of r and 168.
7
Suppose 0 = 17*d + 12*d + 8*d - 181744. What is the highest common factor of d and 32?
16
Suppose -187 = -8*l + 61. Calculate the highest common divisor of l and 496.
31
Suppose 132 = 2*r - 24. Let a(f) = f - 11. Let k be a(11). Suppose 14*q - 12*q - 26 = k. Calculate the highest common factor of q and r.
13
Let c = 6 - 4. Suppose 2*f - 4*s = 192, c*s = 5*f - 0*s - 496. Let l be 15/(-1) + (108 - 75) - -2. Calculate the highest common divisor of l and f.
20
Let k(s) = -2*s**2 + 9*s - 9. Let a be k(3). Let z be (-31 - -32)*-1*(a + -9). What is the highest common factor of z and 54?
9
Suppose 38*n - 39*n + 17403 = 4*c, 4*n = 5*c - 21780. What is the greatest common divisor of c and 34?
34
Let i = 13365 - 11466. What is the greatest common divisor of 99 and i?
9
Suppose 3*r = -s + 5 - 1, 0 = 3*r - 4*s - 14. Let j be -156*(r/12)/(10/(-40)). Let x be 4/26 + 816/j. Calculate the highest common factor of x and 24.
8
Let y = -13932 + 17925. Calculate the highest common factor of 11 and y.
11
Let c be (-36)/15*(200/(-3) + 0). Suppose -380 = -9*t + c. Calculate the greatest common divisor of 30 and t.
30
Let g(p) be the third derivative of p**5/30 + p**4/24 + 2*p**3 + 6*p**2. Let c be g(7). Let m = 224 + -211. Calculate the greatest common divisor of c and m.
13
Let y(w) = 123*w + 262. Let o be y(1). Calculate the highest common factor of 1463 and o.
77
Suppose -5661 = -13*k + 22*k. Let x = k - -646. What is the greatest common divisor of 731 and x?
17
Let c be 1 - (0 - -1) - -9. Suppose 4